 -6*q - t. Let l(x) = -21 - 20 - q*x + 48. Give l(5).
-3
Let g be 0/(-4 + -1) + 3. Let v(d) = 5*d**3 - 3*d**2 + 7*d + 1. Let y(m) = -14*m**3 + 9*m**2 - 20*m - 2. Let c(w) = 11*v(w) + 4*y(w). Determine c(g).
-6
Let f(q) be the first derivative of 3*q**2 + 3*q - 51. What is f(-2)?
-9
Let d = 0 - 40. Let z = -36 - d. Let h(m) = m**3 - 3*m**2 - 6*m + 3. What is h(z)?
-5
Let a(t) = 3*t**2 - 9*t - 4. Let w(i) = 4*i**2 - 26*i + 15. Let h be w(6). Calculate a(h).
-4
Let x(s) = 2*s**2 - 9*s + 3. Suppose -4*u + 3*r = -34, 4*u - u = -2*r + 17. Give x(u).
38
Let y(q) be the third derivative of q**6/120 + q**5/15 - q**4/24 + q**3/3 - 64*q**2 + 2. What is y(-5)?
-18
Suppose 20 = 29*d - 25*d. Let u(x) = 4*x + 4*x - d*x. Let w(c) = c**2 - 5*c + 3. Let l be w(3). Calculate u(l).
-9
Let n(a) = 8 + 27*a + 33*a - 91*a + 30*a. What is n(7)?
1
Let l(o) be the third derivative of -o**6/120 + 3*o**5/20 - 2*o**4/3 + 10*o**3/3 - 3*o**2 + 29*o. Calculate l(7).
6
Let o(c) be the second derivative of -c**3/6 - 6*c**2 + c + 218. Calculate o(-7).
-5
Let y = 22 - 13. Suppose 6 + y = -5*b. Let t be b - -1*0/3. Let o(m) = -m**2 - 4*m + 4. Determine o(t).
7
Let c(o) = 6*o + 2*o + 8 - 3*o - o - 2*o. Calculate c(-7).
-6
Suppose 0 = 42*g - 39*g + 3. Let u(c) = -14*c**2. Give u(g).
-14
Let y(f) = 5*f + 6. Suppose 0*u = -u - 4. Let b(d) = 14*d + 18. Let a(q) = u*b(q) + 11*y(q). Calculate a(-8).
2
Suppose -16*v + 588 = -65*v. Let j(f) = f**3 + 12*f**2 - 2*f - 5. What is j(v)?
19
Let b(a) = a**2 - 5*a + 2. Suppose 51*n + 20 = 326. Determine b(n).
8
Let k(d) = -12*d**2 - 3*d - 3. Let q(m) = -18*m**2 - 4*m - 4. Let j(h) = 7*k(h) - 5*q(h). Suppose 3*l + 4*s - 15 + 2 = 0, -2*l + 5*s = 22. What is j(l)?
6
Let n(x) = 5*x - 4. Suppose y + 3 = -2*y. Let z(k) = k - 1. Let t(u) = y*n(u) + 4*z(u). What is t(-5)?
5
Let m(k) be the second derivative of -k**3/2 - 5*k**2/2 - 318*k. Calculate m(-3).
4
Let r(x) = -4*x + 55. Let u be r(11). Let d(c) = -c**3 + 11*c**2 - c + 15. What is d(u)?
4
Let d(z) = 8 - z + 3*z - 1. Let g(p) be the second derivative of -p**5/20 - p**4/3 + 7*p**3/6 + 2*p**2 + 16*p. Let k be g(-5). Give d(k).
-5
Let d(s) = 2*s**2 - s - 1. Let v(l) = -2*l - 50. Let p be v(-24). Let c be 1/((-1)/(-2)*p). What is d(c)?
2
Let r(y) = y**3 - 3*y**2 - 9*y + 2. Let x = -1800 - -1805. What is r(x)?
7
Let n(q) = 9*q**3 + 2*q**2 + q. Let r(h) = h + 10. Let s be r(-8). Suppose -s*v + v + 4*g = -19, -5*v + 10 = -3*g. What is n(v)?
-8
Let k(m) = 6411*m**2 + 11 - 6409*m**2 + 24*m - 3*m. Give k(-9).
-16
Let f(h) = h**3 - 8*h**2 + 7*h - 2. Let a = 115 + -108. What is f(a)?
-2
Let u be 23/6 - (-15)/90. Suppose 1 + u = 5*q. Let z(k) = -q - 6*k - 5 + 4 + k**2. Calculate z(6).
-2
Let n be (-198)/7 - (-30)/105. Let c be (-1 - (-15)/10)*n/2. Let s(j) = -8 + 2 - j - 1. What is s(c)?
0
Suppose 39 = 14*d + 11. Let r(s) = -2*s**2 + s - 1. What is r(d)?
-7
Let d(s) = -3*s + 14. Suppose -4*g + 16 = -5*r + 8*r, 2*r = 4*g + 24. Calculate d(r).
-10
Let z = 146 + -875/6. Let b(y) be the third derivative of -3*y**2 + 0 + 0*y + 1/60*y**5 - 1/6*y**4 + z*y**3. What is b(5)?
6
Let w be (3/(-108))/(60/(-252)). Let a(x) be the third derivative of 0*x + 0 + 4*x**2 - w*x**5 - 1/4*x**4 - 1/120*x**6 + 7/6*x**3. What is a(-6)?
7
Let k(p) = -p**2 + 2*p - 1. Suppose 0 = -5*o + 3*f + 46, 2*o - 10 - 14 = 4*f. Suppose -o*z = -2*z - 18. Give k(z).
-4
Let u(s) be the first derivative of s**3/3 + 3*s**2/2 + s - 41. Calculate u(-6).
19
Let g(s) be the second derivative of -s**4/12 + 7*s**2 - 2*s. Let h be g(4). Let r(i) = 5*i + 3. What is r(h)?
-7
Let c(r) = 3*r**3 - r**2. Let o be c(1). Let t(b) = 0*b**3 - o*b**3 - 4*b + b**3 - 5*b + 9 + 7*b**2. Let k = 13 + -7. Give t(k).
-9
Let g(k) = -k**3 - 2*k**2 + 1. Let v(r) = 0*r - r**2 + 2*r - 15 + 12. Let z be v(0). What is g(z)?
10
Let q(f) = f**2 - 8*f - 2. Suppose w - 17*w = -80. Determine q(w).
-17
Let x(k) be the second derivative of k**4/12 - 4*k**3/3 + 3*k**2 - k. Suppose 2*z - 123 = -113. Suppose -2 = -f + 5*c - 4*c, 0 = 5*f + z*c - 50. Give x(f).
-6
Let a(f) = -f**3 + 5*f**2 + 3*f + 1. Suppose 472*s - 27 = 463*s. What is a(s)?
28
Let y(k) = 194*k - 94*k - 93*k + 2*k**2 + 6. Give y(-4).
10
Let d be ((-4)/(-1) - 16) + (1 - -1). Let c(w) = w - 2. Calculate c(d).
-12
Suppose -4*i + 3*y = 20, 5*y - 20 + 72 = -4*i. Let r(w) = -w**2 - 4*w - 7. Calculate r(i).
-39
Let o(v) = 2*v**2 + v. Let c(z) = -7*z**2 + 8*z + 17. Let t(d) = -c(d) - 4*o(d). What is t(-12)?
-17
Let a(q) be the second derivative of 17*q + 2/3*q**3 + 1/12*q**4 + 0*q**2 + 0. Let o = 7 - 12. Calculate a(o).
5
Suppose 7*j - 2*j = 15. Let p be (-2)/(-6) + 8/j. Let k(g) = -301*g + 301*g - 3*g**2 + g**3 - 4. Determine k(p).
-4
Let a(d) = d - 9. Suppose -2*o - k - 1 = o, 0 = k + 1. Calculate a(o).
-9
Let p(s) = s - 1. Let d be -3 + 4 + (-16)/(-4). Suppose 2*t + d*t = 0. Give p(t).
-1
Let c(g) = g + 2. Let v(a) = -24*a - 206. Let h be v(-8). Calculate c(h).
-12
Let l(g) = -2*g**2 + 26*g - 47. Let y be l(11). Let b(w) = -6*w - 10. Calculate b(y).
8
Suppose -4*p - 7 = 3*q, 5*q - q = 5*p - 30. Let a be (-27)/(-21) - 2/7. Let k(j) = -2 + 5 - a + j**3 - 6*j + 4*j**2. Determine k(q).
7
Let p(g) = -11*g - 8. Let x(f) = 6*f + 4. Let h(t) = -4*p(t) - 7*x(t). Suppose 5*q - b = -86 + 54, -36 = 3*q + 5*b. Give h(q).
-10
Let g(j) be the third derivative of j**5/30 - j**4/3 + 4*j**3/3 - 137*j**2. Give g(6).
32
Let d(g) = -20*g - 180. Let l(r) = -4*r - 35. Let a(z) = -2*d(z) + 11*l(z). What is a(-6)?
-1
Let h(o) = -49*o**2 + 2*o. Let b be h(-1). Let n = -44 - b. Let s(d) = d - 17. What is s(n)?
-10
Let t(g) = -6*g - 29. Let b(r) = -4*r - 18. Let y(k) = 7*b(k) - 5*t(k). Give y(-5).
9
Let a(d) = -d**2 + 6*d - 5. Suppose 0 = 2*v - 5*q + 67, q = -3*q + 4. Let p = v - -36. Calculate a(p).
0
Let d(q) = q**3 - 4*q**2 + 2*q + 4. Let w(r) = -r**3 + 24*r**2 - 25*r + 33. Let m be w(23). Let s(x) = 4*x + 4. Let a be s(-5). Let g = m - a. Give d(g).
1
Let g(n) = -30*n - 31. Let z(s) = -17*s - 16. Let y(j) = -4*g(j) + 7*z(j). Calculate y(0).
12
Suppose -4*k + 2 = 2*s, 4*s - 64 + 5 = 3*k. Let a(d) = -d**2 + 9*d + 8. Determine a(s).
-14
Let h(q) be the second derivative of -q**5/20 + q**4/4 + q**3/6 + q**2 + 3*q. Suppose 7*v - 2*v - 25 = 0. Suppose -v*j + 12 = -j. What is h(j)?
5
Let z = 90 - 13. Suppose -10*o = o + z. Let d(h) = -h - 5. What is d(o)?
2
Suppose -10*r = -17*r - 7. Let g(a) = -8*a**2 - a - 1. Give g(r).
-8
Suppose 0 = -d - 0*d + 3. Let w(v) = -2 - 5*v + 10*v - 7*v**2 + v**d + 3. Let n = 13 - 7. Give w(n).
-5
Let t be -2*(2 - (-3)/(-2)). Let n(q) be the first derivative of -1/2*q**2 + 11 - q + q**3. Determine n(t).
3
Suppose 10*l = 5*l - 55. Let m(j) = j - 2. Let o(c) = -6*c + 9. Let w(z) = l*m(z) - 2*o(z). Determine w(-6).
-2
Let p(q) = -q**2 - 12*q + 4. Suppose 46*d - 39*d = -70. Calculate p(d).
24
Let z(u) = -u**2 + 10*u + 1. Let r(l) = l**2 - 28*l + 125. Let c be r(23). Determine z(c).
1
Let y = -5 - -12. Let n(u) = -y + 0 + 3 + u. Suppose -o - 4*r + 9 = 0, -r = -o - 0*r + 4. Determine n(o).
1
Let c be 7/(14/4) - 3. Let m be (c/2)/(3/30). Let u(f) = 7*f - 3*f + f - 3*f + 1. What is u(m)?
-9
Let x be (20/(-8))/(2/(-4)). Suppose 0 = 3*m - 2*m + x. Let p(s) be the third derivative of s**4/24 + 5*s**3/6 - 2*s**2. Calculate p(m).
0
Suppose -12 = -v - 2*v. Suppose v*j - 66 = 418. Let g(m) = -m**2 - j - 5*m + 121. Calculate g(-6).
-6
Let o(d) = -247 - d**2 + 130 + 9*d + 132. Determine o(10).
5
Suppose 16 = -0*k + 4*k. Suppose 4 + 0 = k*a. Let l(v) = -335*v**2 - 342*v**2 + 1021*v**2 - 342*v**2. Determine l(a).
2
Let m(n) be the second derivative of n**5/24 - n**4/12 - 5*n**3/3 - n. Let f(i) be the second derivative of m(i). Determine f(2).
8
Let u(a) = -a**3 + 6*a**2 - 6*a + 4. Let m = 3 - -1. Suppose m*i - 30 = -2*i. Give u(i).
-1
Let d(w) = -w**2 + 8*w - 3. Suppose -3*z - 3*v + 18 = 0, 0 = -4*z - 5*v + 4 + 21. Determine d(z).
12
Let v = -336 - -339. Let x(z) = -z**2 - 4. Give x(v).
-13
Let z(f) be the third derivative of -f**6/120 + 3*f**5/20 - f**4/12 + 5*f**3/3 - 74*f**2. Calculate z(9).
-8
Let r(o) be the second derivative of o**4/12 - 4*o**3/3 + 7*o**2/2 - 2*o. Let q(t) = -t**2 - 10*t + 18. Let n be q(-11). Calculate r(n).
0
Let g(t) = 3*t - 12. Suppose 23 - 24 = -w - u, -3*w = -3*u - 27. What is g(w)?
3
Let v(y) = -y - 4. Let x(c) = 14*c - 1